 - (-2 + 3 + -4)). Let v = j - 43. Suppose -4*m = -v*m - 60. What are the prime factors of m?
2, 3, 5
Let b(a) = -16*a + 376. Let z(h) = -5*h + 126. Let o(d) = 4*b(d) - 11*z(d). What are the prime factors of o(-25)?
7
Suppose 120*j - 1173844 = 32*j - 18*j. List the prime factors of j.
2, 7, 113
Let h = 569 - 541. List the prime factors of 45352/h + (-14)/(-49).
2, 3, 5
Let m = -2698 - -7988. What are the prime factors of m?
2, 5, 23
Let t = 4158 + 4459. What are the prime factors of t?
7, 1231
What are the prime factors of (2 - -2) + (-2 - (-4514*1 + -1))?
4517
Let q(g) = 415*g + 3. Let b be q(1). Suppose -4*n + 2230 - b = 0. What are the prime factors of n?
3, 151
Let r(f) = 8*f**3 - 15*f**2 + 20*f + 285. List the prime factors of r(13).
2, 7793
Let n(z) = 692*z - 424. What are the prime factors of n(9)?
2, 1451
Suppose 4*y = -i + 255, y + 4*y = 2*i + 335. Suppose -y = -8*w + 7. Suppose -35 + w = -p. List the prime factors of p.
2, 13
Suppose -14*g + 36*g - 141595 = -3*x, 0 = 5*x - 5*g - 236325. What are the prime factors of x?
7, 43, 157
Let p(g) = 539*g**2 - 32*g + 4. List the prime factors of p(-2).
2, 139
Let a be (-666)/(-15) + (-51)/15 + 3. Suppose o - 42 = a. List the prime factors of o.
2, 43
Let r be (-3 - -9)*(0 + (-8)/6). Let j = -2 - r. Suppose k - y - 80 - j = 0, -y - 410 = -5*k. List the prime factors of k.
3
Let s = -9533 - -17994. What are the prime factors of s?
8461
List the prime factors of (-29)/(174/97983)*2/(-3).
3, 19, 191
Let n = 1599 - 985. Suppose -611*y - 2385 = -n*y. What are the prime factors of y?
3, 5, 53
Let d(t) = -t**3 + 6*t**2 + 2*t - 5. Let p be 12/30 - ((-129)/15 + 1). Let m be d(p). Let k = 119 + m. List the prime factors of k.
2
Let v(q) = -9*q - 22. Let s be v(-3). Suppose -x = -2*i + 820, -5*i + 731 = -s*x - 1309. List the prime factors of i.
2, 103
Suppose -2*x - 21801 = 5*u - 1417, -2*u = -5*x + 8142. Let z = 6003 + u. What are the prime factors of z?
41, 47
Let z = 84619 - 35819. List the prime factors of z.
2, 5, 61
Suppose 6*p + 63*p = -6*p + 875925. What are the prime factors of p?
3, 17, 229
Let o(p) = -p**2 + 10*p + 26. Let x be o(9). Let m = -27 + x. Suppose 2*a + m*q = 5*q + 253, q - 626 = -5*a. List the prime factors of a.
5
Let q(m) = 2645*m + 4532. List the prime factors of q(10).
2, 7, 2213
Let w(f) = 4*f**2 - 53*f - 349. List the prime factors of w(-30).
47, 103
Let g = 87 + -67. Suppose -i + 2*w + g + 46 = 0, -5*i + 354 = -4*w. Suppose 29 + 13 = c - 5*q, 2*c - 5*q - i = 0. What are the prime factors of c?
2
Suppose -4*t + 90745 = -3*z, -119*t + 2*z = -123*t + 90730. List the prime factors of t.
2, 53, 107
Suppose -38*i + 31*i - 49 = 0. List the prime factors of (i/(-2))/((27/(-30))/(-9)).
5, 7
Suppose 0 = -4*f + 6*f - 4818. Suppose -7*z + f = -482. List the prime factors of z.
7, 59
Let f = 30 + -24. What are the prime factors of (16/24)/(f/999)?
3, 37
Let q = 1911 - 3129. List the prime factors of 0 + -2 - (-5 - q/(-7)).
3, 59
Let z = -4 - -7. Suppose 59 = 22*j - 29. Suppose -c + j*y = -118, 310 = z*c + 3*y - 4*y. List the prime factors of c.
2, 3, 17
Suppose -48267 = -3*a + b, -55*a + 50*a + 80457 = -3*b. List the prime factors of a.
2, 3, 7, 383
Suppose -128*k + 9*k + 5229812 = 0. What are the prime factors of k?
2, 10987
Suppose 3*x = -4*c + 52, -5*c + 15 + 5 = 0. Suppose -11*h + 5842 = x*h. What are the prime factors of h?
2, 127
Suppose 5*o = 4*d + 9*o - 12, -o - 9 = -5*d. Suppose v + 51 = g + d*v, 2*g + 3*v = 98. What are the prime factors of g?
5, 11
Let g be (2/6)/(0 - (-4)/12). Let z be g/(0 + (-4)/(-1272) - 0). Suppose 3*c + 3*u = -c + z, 5*c + 4*u = 397. What are the prime factors of c?
3
Suppose 0 = 3*g - 3*o - 18, 6*g - g + 5*o - 40 = 0. Suppose -6*i = 17 + g. List the prime factors of (-254)/i + 1/2*1.
2
Suppose -4*u - w = -5*w - 7060, -5*u = -3*w - 8831. Suppose -21*s + 4*s + u = 0. What are the prime factors of s?
2, 13
Let t be (-598)/(-4) + (-84)/56. Suppose 447 = 3*s - i + t, 503 = 5*s + 3*i. Suppose 101*k - 97 = s*k. What are the prime factors of k?
97
Let a = 213 - 211. What are the prime factors of 13*(3 + (6 + a - -2))?
13
Let c = -9 + 0. Suppose 0 = -48*h + 51*h - 15. What are the prime factors of (-1005)/c - h/(-15)?
2, 7
Suppose -105*w - 735 = -108*w. Let u = w - -1. What are the prime factors of u?
2, 3, 41
Suppose -27 + 3 = 6*i. What are the prime factors of i*4/((-40)/1345)?
2, 269
Let w(i) = 3*i**2 + 26*i - 2944. List the prime factors of w(77).
3, 5, 1123
Let v(m) = 18*m**2 - 778*m + 76. What are the prime factors of v(54)?
2, 1319
Suppose 4*d - 8 = k, 7*k - 5*k - 2*d + 4 = 0. Suppose 4*f + l - 2508 = k, -1529 = -4*f + 2*l + 967. List the prime factors of f.
2, 313
Let o = 7011 - 3873. What are the prime factors of o?
2, 3, 523
Let d(j) = -2*j**2 - 11*j + 22. Let c be d(-7). Suppose 0 = -4*l + c + 11. Suppose -l*q = 5*n - 347 - 44, 661 = 5*q - n. What are the prime factors of q?
2, 3, 11
Let k be 3/2*(-204)/(-9). Let r(h) = 3*h + 102. What are the prime factors of r(k)?
2, 3, 17
Suppose -39 = -c - 0*c + 2*l, 3*c - 117 = 3*l. Let j = c - 35. Suppose -j*v + 157 = -319. List the prime factors of v.
7, 17
Suppose -2*f - 12*f + 144946 = 9*f. What are the prime factors of f?
2, 23, 137
Suppose 0 = -25*g + 109187 + 64938. What are the prime factors of g?
5, 7, 199
Let m = -125 + 154. Suppose m*n - 338 = 27*n. List the prime factors of n.
13
Let o be (-36680)/266 - (-2)/(-19). Let p(w) = 9*w**2 - 4*w + 1. Let z be p(6). Let l = o + z. What are the prime factors of l?
163
Let s(t) = t**2 - 13*t + 11. Let w be s(12). Let a be -5*((-12)/(-10))/w. Suppose n + 330 = a*n. What are the prime factors of n?
2, 3, 11
Suppose -3*t + 12507 = -g, 56 - 68 = -2*g. What are the prime factors of t?
43, 97
Let s(a) = -a**3 - 8*a**2 - 2*a + 14. Let i be s(-8). Suppose 96 = 2*t + v, i + 74 = 2*t + 5*v. Suppose -t - 47 = -2*p. What are the prime factors of p?
47
Suppose 5*n + 3*k = 21509, 0*n = -4*n + 4*k + 17220. What are the prime factors of n?
13, 331
List the prime factors of (1/((-18)/(-9474)))/(1/12).
2, 1579
List the prime factors of 2368/1480*10435/2.
2, 2087
Let p be 1/(-3) + (-42)/(-18). Suppose 3 = p*c - 7. Suppose 5*s - 15 = 0, -o = -2*s - 9 - c. What are the prime factors of o?
2, 5
Let w be 110 + (0 - (1 + -1)). Let j be (6 + -12)*6*(-48)/(-18). Let t = w + j. List the prime factors of t.
2, 7
Let p = 437 - 433. Suppose 5*q - 2*q + p*y = 1259, 5*q - 2090 = -5*y. List the prime factors of q.
7, 59
What are the prime factors of (-15)/(-45)*(-27 - -186186)?
62053
Let c be (-12)/126 + 1391/273. Suppose a = 3*v + 2*v - 4772, -5*a = -c*v + 4760. What are the prime factors of v?
5, 191
Let n be (-665)/57 - (2 - 15/9). Let l = 30 + n. List the prime factors of l.
2, 3
Let z = 262 + -258. List the prime factors of z + -5 + 6 + 134.
139
Suppose 21*s = 17*s + 16. Suppose -s*k = -11525 - 3211. Suppose 9*h - 21*h + k = 0. List the prime factors of h.
307
Suppose -9*p + 4*p = 25*p - 30000. What are the prime factors of p?
2, 5
Let f(r) be the first derivative of -13/2*r**2 + 12 + 4*r. What are the prime factors of f(-3)?
43
Let n = -64 - -67. Suppose n*l = -4*t + 5*t - 4, 2 = 4*t - 5*l. Let q(x) = 43*x**2 - 4*x - 1. List the prime factors of q(t).
179
Let v = -15 + 63. Suppose -5*z - 22*j - 80 = -23*j, 3*z - 4*j + 65 = 0. Let m = v + z. List the prime factors of m.
3, 11
Let j(x) = -x**2 + 5*x - 3. Let l be j(3). Let t be (-4 + l)*-2*(2 + -1). List the prime factors of ((-215)/(-10) + 3)/(t/4).
7
Suppose 2*l + 46 + 26 = -2*n, -3*l = -2*n + 88. What are the prime factors of 35403/33 - l/176?
29, 37
Let d be (-1 - 3)*(-24906)/42. List the prime factors of 3 - (6 + -5)/((-4)/d).
2, 149
Suppose -2*k - a - 79 = 0, -2*k + a - 26 = 47. Let m(o) = o**3 + 39*o**2 + 30*o - 26. What are the prime factors of m(k)?
2, 139
Let f(a) be the third derivative of -a**5/60 + 263*a**3/6 + 24*a**2. Let t be f(0). Suppose 3*g - j + 50 = t, 4*g - 2*j = 286. What are the prime factors of g?
2, 5, 7
Let g be (-2)/((-72)/(-540) - 146/1050). Suppose -2782 = -2*s - 4*b, s + 3*b = 1045 + g. List the prime factors of s.
3, 461
Suppose h - 6625 = -4*f + 5561, 3*h - 5*f - 36456 = 0. List the prime factors of h.
2, 3, 2027
Let s(z) = -z**2 - 15*z - 26. Suppose -2*u - 5*i - 39 = -13, 3*u = i - 39. Let x be s(u). 